{"id":19570,"date":"2025-02-24T11:36:28","date_gmt":"2025-02-24T10:36:28","guid":{"rendered":"https:\/\/staritrgobkolpi.splet.arnes.si\/?page_id=19570"},"modified":"2025-12-24T08:45:42","modified_gmt":"2025-12-24T07:45:42","slug":"solski-leto-2024-25","status":"publish","type":"page","link":"https:\/\/staritrgobkolpi.splet.arnes.si\/?page_id=19570","title":{"rendered":"\u0160olsko leto 2025\/26"},"content":{"rendered":"<p><a href=\"https:\/\/staritrgobkolpi.splet.arnes.si\/files\/2025\/12\/LDN-OS-STOK-25-26.pdf\">LETNI DELOVNI NA\u010cRT O\u0160 STARI TRG OB KOLPI za \u0161olsko leto 2025\/26<\/a><\/p>\n","protected":false},"excerpt":{"rendered":"<p>LETNI DELOVNI NA\u010cRT O\u0160 STARI TRG OB KOLPI za \u0161olsko leto 2025\/26<\/p>\n","protected":false},"author":91022,"featured_media":0,"parent":19563,"menu_order":0,"comment_status":"closed","ping_status":"closed","template":"","meta":{"ngg_post_thumbnail":0,"footnotes":""},"class_list":["post-19570","page","type-page","status-publish","hentry"],"_links":{"self":[{"href":"https:\/\/staritrgobkolpi.splet.arnes.si\/index.php?rest_route=\/wp\/v2\/pages\/19570","targetHints":{"allow":["GET"]}}],"collection":[{"href":"https:\/\/staritrgobkolpi.splet.arnes.si\/index.php?rest_route=\/wp\/v2\/pages"}],"about":[{"href":"https:\/\/staritrgobkolpi.splet.arnes.si\/index.php?rest_route=\/wp\/v2\/types\/page"}],"author":[{"embeddable":true,"href":"https:\/\/staritrgobkolpi.splet.arnes.si\/index.php?rest_route=\/wp\/v2\/users\/91022"}],"replies":[{"embeddable":true,"href":"https:\/\/staritrgobkolpi.splet.arnes.si\/index.php?rest_route=%2Fwp%2Fv2%2Fcomments&post=19570"}],"version-history":[{"count":8,"href":"https:\/\/staritrgobkolpi.splet.arnes.si\/index.php?rest_route=\/wp\/v2\/pages\/19570\/revisions"}],"predecessor-version":[{"id":21851,"href":"https:\/\/staritrgobkolpi.splet.arnes.si\/index.php?rest_route=\/wp\/v2\/pages\/19570\/revisions\/21851"}],"up":[{"embeddable":true,"href":"https:\/\/staritrgobkolpi.splet.arnes.si\/index.php?rest_route=\/wp\/v2\/pages\/19563"}],"wp:attachment":[{"href":"https:\/\/staritrgobkolpi.splet.arnes.si\/index.php?rest_route=%2Fwp%2Fv2%2Fmedia&parent=19570"}],"curies":[{"name":"wp","href":"https:\/\/api.w.org\/{rel}","templated":true}]}}